 12504/18)*j a prime number?
False
Suppose 2*p + 6 = 0, 0 = 5*t - 3*p + p + 114. Let f be (-1404)/(-14) - t/(-84). Suppose 0 = -c + 859 + f. Is c a prime number?
False
Suppose -3*o = -3*l + 13665, 4*o - 9146 = -173*l + 171*l. Is l a composite number?
False
Suppose -6*x = -141 - 261. Let t = -59 + x. Let i(a) = 5*a**2 - 8*a + 7. Is i(t) prime?
True
Is -3*6/((-324)/199494) a prime number?
True
Let v(a) be the second derivative of 403*a**4/12 - 3*a**3/2 + 37*a**2/2 - 214*a. Is v(-7) a composite number?
True
Suppose 3*v - 2*o = 237, -4*o - 3 = 9. Is v/308 + (-31670)/(-8) composite?
True
Suppose -132 = 10*c - 54*c. Suppose 0*m = 2*r + c*m - 41410, 62077 = 3*r - 5*m. Is r a composite number?
True
Let u = -573 + 576. Let t(l) = 267*l**3 - 3*l**2 - 2*l + 1. Is t(u) prime?
True
Suppose -11*a + 2 = -3*w - 15*a, 0 = 5*w - 2*a - 40. Let c(i) = 20*i**2 + 84*i - 21. Is c(w) composite?
True
Suppose 0 = -4*n + 3*n + 108. Let r = n - 108. Suppose 0*l - 6*l + 3810 = r. Is l a composite number?
True
Let r = -1206 - -4936. Suppose 5*i + r = 5*h, -2*i + 1525 = -4*h + 4503. Is h composite?
False
Let q = -5726 - -2249. Is (1/(-3))/((-17384)/q + -5) composite?
True
Let n(m) = -m**3 + 40*m**2 + 81*m + 140. Let g be n(42). Is -541*(10/(-7) + 6/g) composite?
False
Let l = 21703 - 12806. Let h = l - -276. Is h composite?
False
Let p be -7*(-1 + 2)*(0 - 1). Suppose p*s - 1202 = 8*s. Let o = s - -2033. Is o prime?
False
Let w(a) = -a**3 + 35*a**2 + 49*a - 3. Let c be w(22). Suppose 11*l - c = 15722. Is l composite?
False
Let c(m) = -m**3 + 2*m + 5. Let b be c(2). Is (-133938)/(-84) - b/2 a prime number?
False
Let y = -253245 + 420836. Is y a prime number?
False
Suppose -35*p = -36*p + x + 191851, -2*p + 5*x = -383690. Is p composite?
True
Let a be (-6224)/(-11) + (-2)/(-11). Let s = 131 + -326. Let w = a + s. Is w composite?
True
Let q(s) = 122218*s**2 - 233*s - 69. Is q(-4) a composite number?
True
Let m be -8*38*(-15)/(-10). Let r be (-6 - (-17)/3)/(2/m). Suppose 298 = 2*g - r. Is g prime?
False
Suppose 2*w - 5*v - 10 = 6*w, 0 = w + v + 2. Let d be 2*-24*12/(-192). Suppose w = h + d*h + 2*g - 216, -3*g + 6 = 0. Is h a prime number?
True
Suppose -8*i = -140 - 660. Let c = 101 - i. Let h(y) = 703*y - 2. Is h(c) prime?
True
Let g be 10/1 + (-7 - -5). Is g/(32/15900) - (3 - 7) a composite number?
True
Suppose 6136 = -20*v + 24*v. Suppose 2*n - v = 2588. Let z = 4218 - n. Is z composite?
True
Let o be 6 + -9 + (1 - 4044) - 5. Is (21 + -18)/((-3)/o) a prime number?
True
Let d(y) = y**2 - 6*y + 13. Let t be d(3). Suppose 3*z + 3542 = h, -2720 = -t*h - 2*z + 11518. Is h a composite number?
False
Let g(a) = -3*a + 11 + 122*a**2 - 2 - 7. Is g(-5) a composite number?
False
Let h = 34853 - 19302. Is h a composite number?
False
Let j = -7316 + 3296. Let h = 14062 + -7829. Let a = h + j. Is a prime?
True
Let b be (-12)/15 + (28/35 - -2). Suppose 3*c - 2805 = 3*z, b*c + 3*z - 804 = 1086. Is c a composite number?
True
Suppose 4171 + 8549 = 5*z. Suppose -3*n + 2*c - 791 = 2760, -4*c + 3553 = -3*n. Let v = n + z. Is v prime?
True
Let i(d) = -d**2 + 7*d - 1. Let r be i(6). Let q = 5 + r. Is (838/4)/(2 - 15/q) a prime number?
True
Let f(j) = 379*j**2 + 7*j - 85. Is f(-6) a composite number?
True
Let y = 350417 - 51750. Is y composite?
False
Let c(z) = z**3 - 5*z**2 + 4. Let b be c(5). Suppose -5*r = -3*o - 50966, 4*r - b*o + o = 40771. Is r prime?
False
Suppose 14*p - 25021865 = -15*p - 1252624. Is p prime?
True
Let q(m) = 70*m - 123. Let h be (210/24)/(4/16). Is q(h) prime?
False
Suppose 40*u - 1367278 = 13*u - 11*u. Is u a composite number?
True
Let k(j) = 510*j**2 + 31*j + 224. Is k(-13) a prime number?
True
Let z(i) = 25*i**2 - 46*i + 689. Is z(22) a composite number?
False
Let n(f) = 9526*f + 1677. Is n(5) prime?
True
Suppose -3*k - 9 = -6*k. Suppose 4*g = 5*h + 538, -62 = -2*g - k*h + 196. Suppose 0 = 2*b - x - 167, 0 = -5*b + 5*x + g + 293. Is b a composite number?
True
Suppose 32*d - 13*d = 5264311. Is d a prime number?
False
Let i(z) = z**3 - 10*z**2 + 7*z + 11. Let j be i(9). Let b(o) = -3*o**2 + 7*o + 14. Let y be b(j). Let c = 153 - y. Is c composite?
True
Suppose 0 = -98*a + 101*a - 171. Suppose 0 = a*x - 187015 + 20176. Is x a prime number?
True
Let v(u) = -1. Let n(l) = 90*l - 11. Let g(y) = -n(y) + 6*v(y). Let m be 3/9*((-12)/(-3) - 10). Is g(m) a composite number?
True
Is 167592/(-20)*(-70)/28 a composite number?
True
Let y(o) = 429878*o**2 + 213*o - 213. Is y(1) a composite number?
True
Let t(v) = 523*v**2 - 191*v**2 - 3*v + 2 - 6. Is t(-1) a prime number?
True
Let r be 3/6 - (-90)/12. Suppose -d - 4622 = -3*c, 4*c - r*d = -13*d + 6150. Suppose -c - 792 = -4*a. Is a a composite number?
True
Suppose 0 = 5*v + 25, -p = 4*p + 3*v. Let o(m) = 2*m - 10. Let f be o(p). Is 2 + -2 + (1173 - (-2 - f)) a prime number?
True
Let p be (-3)/15 - (762768/(-20))/(-3). Is 2/(-3) - p/3 composite?
True
Suppose -4*h = -4*n + 523476, 4*h + 13674 = -4*n + 537190. Is n a composite number?
True
Let w(c) = -69*c**2 + 3*c - 6. Let q be w(5). Let i = 1073 - q. Is i a prime number?
True
Let n = 207 - 212. Is (n/15)/(2/(-21558)) a prime number?
True
Suppose -13*c + 8*c + 33465 = 0. Suppose -q + 4648 = -c. Is q a prime number?
False
Let s = -217 - -219. Suppose s*n - 1573 = -v + 1076, 2652 = v + 5*n. Is v a composite number?
False
Suppose 482*a = 83*a + 36679226 + 201402877. Is a prime?
False
Let n be (34/(-85))/(((-9)/3)/(-165)). Let o(p) = -2*p**3 + 6*p - 1. Is o(n) prime?
True
Is 44506 + ((-154)/(-42) - (-8)/(-3)) prime?
True
Let a be (-314)/(-14) + 99/(-231). Let m = -146 - -207. Let j = m - a. Is j a composite number?
True
Suppose 0 = -17*t - 11 + 368. Is 181140/18 - 49/t composite?
False
Is 0 - -356080 - (-828)/(-276) composite?
False
Let b = 1567 + -705. Let i be 6*(-25)/30*b. Let u = 6413 + i. Is u a composite number?
True
Let q = 116 + -82. Let l = q - 32. Suppose 28 + 166 = l*g. Is g composite?
False
Let k be 0 - (-2 - -2) - -1. Suppose 132 = -32*d + 20*d. Is (-5)/(d + k)*422 a composite number?
False
Let t(x) = -9249*x**3 - 2*x**2 - 3*x - 2. Let c be t(-1). Suppose 0 = -4*p + 828 + c. Is p composite?
True
Let s(r) = r**3 + 30*r**2 + 2*r + 65. Let a be s(-30). Suppose 0 = a*z + 29 - 39. Suppose -2*u = u - 3*p - 5343, 7112 = 4*u + z*p. Is u composite?
True
Let n(m) = 433*m - 13. Let y be n(-20). Let f = y + 12230. Is f a prime number?
True
Is (-21 + -43180)*(0 + -1) a prime number?
True
Let c = 135 - 134. Is ((-82612)/(-38))/(c + 1) prime?
True
Let p be 4371/217 + -20 + 22/(-7). Let n(w) = -w**3 - w**2 - 1. Let j(a) = -44*a**3 - 4*a**2 + a + 6. Let s(t) = j(t) - 4*n(t). Is s(p) a prime number?
True
Let m be 5 + 3/(-15) + 2/10. Suppose 6*r + 4*o - 39656 = 5*r, 0 = m*r + 5*o - 198295. Suppose -13*j = -j - r. Is j prime?
False
Suppose -45*t - 38*t + 10065567 = 58*t. Is t prime?
True
Let d = -433 + -5. Let c = -179 - d. Is c a composite number?
True
Let r = -12146 + 25783. Is (-2)/8 + (-1)/((-4)/r) a composite number?
True
Is (-126 - -124) + 37089/(2 + -1) a prime number?
True
Suppose -17 - 38 = 5*b. Let x = b - -38. Suppose x*f - 6124 = 23*f. Is f a prime number?
True
Let p(q) = 46*q + 7. Suppose 0 = -5*c - 5*i + 13 + 12, -3*c + 13 = 4*i. Let z be 10/35 - (-47)/c. Is p(z) composite?
True
Let c(m) be the first derivative of 6734*m**3/3 - 2*m**2 - 5*m - 91. Is c(-1) a prime number?
True
Let w = 22099 + -11048. Is w prime?
False
Suppose -80*w - 5*f + 5 = -84*w, -f = -w - 1. Suppose -2*a + 4*x + 2274 = w, 2*x = 7*x - 10. Is a a prime number?
False
Let x(v) be the third derivative of -v**6/120 + 7*v**5/60 - 7*v**3/6 + 13*v**2. Is x(-8) prime?
True
Let u(q) = -q**2 + q. Let r(i) = -i**3 - 25*i**2 - 49*i - 5. Let w(y) = r(y) + 2*u(y). Suppose 0*j - j + 30 = -d, -2*d - 4*j = 36. Is w(d) prime?
True
Let y(q) = -124*q**2 - 12*q + 42. Let i(x) = -123*x**2 - 12*x + 41. Let c(u) = -5*i(u) + 4*y(u). Is c(4) a prime number?
False
Suppose -118*s = -123*s + 390. Let o = s + -80. Is 465 + (o - 2 - -2) prime?
True
Suppose -24*w = -0*w - 4677532 - 4390316. Is w a composite number?
False
Suppose -98*n + 4228615 - 955121 = 0. Is n a composite number?
False
Let u(o) = -2*o**3 + 20*o**2 + 79*o + 19. Is u(-18) composite?
False
Suppose -1900078 = -3*p - u, 7*p = 9*p - 2*u - 1266716. Is p a prime number?
True
Suppose 